006?
False
Is 37618698 a multiple of 78?
True
Does 339 divide 33406292?
False
Is 436160980 a multiple of 31?
False
Is 2952816 a multiple of 271?
True
Is 2030 a factor of 121034690?
True
Does 24 divide 3105358?
False
Is 451581319 a multiple of 3?
False
Is 2713283911 a multiple of 23?
False
Does 5 divide 619008220?
True
Does 429 divide 84624054?
False
Is 430314583 a multiple of 65?
False
Is 16255594 a multiple of 183?
False
Is 12 a factor of 319019383?
False
Does 9315 divide 1334077021?
False
Is 104 a factor of 148275905?
False
Is 161020581 a multiple of 1637?
False
Is 71 a factor of 182867865?
False
Is 2155128 a multiple of 8?
True
Is 20 a factor of 4205102?
False
Is 21 a factor of 41640819?
False
Is 2282936 even?
True
Is 16 a factor of 91739029?
False
Is 138136222 a multiple of 116?
False
Does 339 divide 5045489692?
False
Is 28 a factor of 113072381?
False
Is 7 a factor of 826990325?
True
Is 40386900 a multiple of 20?
True
Is 1500 a factor of 116392229?
False
Does 9187 divide 3077801179?
True
Is 652 a factor of 1782675393?
False
Is 42408765 a multiple of 15?
True
Is 12 a factor of 143789196?
True
Does 114 divide 206153382?
True
Is 93 a factor of 27918321?
True
Does 39 divide 6019650?
True
Is 1468 a factor of 908443564?
False
Is 5 a factor of 1664437?
False
Is 577144845 a multiple of 1990?
False
Is 36 a factor of 402974?
False
Is 28 a factor of 249809392?
True
Does 746 divide 13487457?
False
Does 38 divide 22950128?
False
Is 15 a factor of 2711005636?
False
Is 4902 a factor of 242167306?
False
Is 4 a factor of 3547745?
False
Does 1832 divide 1029706744?
True
Is 53426841 a multiple of 3?
True
Is 137139264 a multiple of 20?
False
Does 2685 divide 143706570?
True
Does 29 divide 1392464?
True
Does 30 divide 8381334?
False
Is 94962680 a multiple of 13?
False
Is 17 a factor of 60128684?
False
Does 6 divide 130241412?
True
Is 3 a factor of 25905426?
True
Does 411 divide 46147491?
True
Does 78 divide 324438891?
False
Is 595863434 a multiple of 255?
False
Is 93 a factor of 2552519292?
True
Is 444496208 a multiple of 1316?
False
Does 1411 divide 1145472376?
True
Is 3 a factor of 363019318?
False
Is 12980396 a multiple of 26?
True
Is 49 a factor of 28524027?
True
Is 2777 a factor of 290855673?
False
Is 201 a factor of 291077748?
True
Is 677368065 a multiple of 55?
True
Is 99 a factor of 213723043?
False
Does 29 divide 77167226?
False
Is 2836876781 a multiple of 4216?
False
Does 587 divide 1327095787?
False
Does 159 divide 104944257?
False
Does 8 divide 2460468023?
False
Is 3 a factor of 31704069?
True
Is 97 a factor of 56870089?
False
Is 366 a factor of 48861926?
False
Does 39 divide 71012542?
False
Does 127 divide 7970139?
True
Is 219 a factor of 79074121?
False
Is 24 a factor of 3669268?
False
Is 253868915 even?
False
Is 18 a factor of 1874325255?
False
Is 32752999 a multiple of 17?
True
Does 298 divide 2151276308?
False
Is 638679614 a multiple of 15?
False
Is 957062323 a multiple of 69?
False
Is 166 a factor of 170305586?
False
Is 17648792 a multiple of 56?
True
Does 39 divide 250731078?
True
Does 121 divide 27878944?
False
Is 475887840 a multiple of 1952?
True
Is 8842220 a multiple of 10?
True
Is 4 a factor of 218966213?
False
Is 104 a factor of 409270635?
False
Is 30707933 a multiple of 24?
False
Is 4040 a factor of 3926777093?
False
Is 703371852 a multiple of 18?
True
Does 98 divide 305793400?
False
Is 10 a factor of 29831270?
True
Is 38 a factor of 903136462?
True
Is 359 a factor of 46230584?
True
Is 90 a factor of 349955910?
True
Is 51 a factor of 527103564?
True
Does 101 divide 377175915?
True
Is 541 a factor of 1819402319?
False
Is 2228117072 a multiple of 31?
False
Is 30 a factor of 3223152260?
False
Is 251 a factor of 148673575?
True
Does 8 divide 88589948?
False
Is 1009508379 a multiple of 33?
True
Is 32536615 a multiple of 19?
False
Does 83 divide 47356042?
False
Is 362 a factor of 322127269?
False
Is 1075 a factor of 4528828800?
True
Is 123388092 a multiple of 6?
True
Does 21 divide 185286219?
False
Is 2303 a factor of 544310257?
False
Is 52 a factor of 44759364?
True
Is 326 a factor of 1770137620?
True
Does 1590 divide 62330495?
False
Does 2476 divide 426599944?
True
Is 239578128 a multiple of 90?
False
Is 84 a factor of 1569436176?
True
Does 64 divide 407636554?
False
Does 19 divide 777778357?
True
Is 712703625 a multiple of 375?
True
Is 57741078 a multiple of 16?
False
Does 2 divide 2583560?
True
Does 455 divide 103969775?
True
Is 20 a factor of 6685919?
False
Does 20 divide 2856160?
True
Does 18 divide 33188954?
False
Does 51 divide 166772958?
True
Does 810 divide 760002?
False
Is 184481982 a multiple of 19?
True
Does 253 divide 199138091?
False
Does 776 divide 178593089?
False
Does 298 divide 335099069?
False
Is 41 a factor of 18672671?
True
Is 25292221 a multiple of 2?
False
Does 471 divide 10972416?
True
Is 10 a factor of 16560787?
False
Is 714 a factor of 13450320?
False
Is 26 a factor of 568717333?
False
Is 27683208 a multiple of 14?
True
Does 2599 divide 1723162990?
True
Is 1056 a factor of 878606784?
True
Does 3 divide 98931552?
True
Does 1342 divide 93494155?
False
Does 1121 divide 39990554?
True
Does 506 divide 2645764198?
True
Does 38 divide 5098249492?
False
Is 2705917270 a multiple of 7?
True
Is 245957960 a multiple of 20?
True
Is 2 a factor of 3832396?
True
Does 204 divide 2690556?
True
Is 423094142 a multiple of 149?
True
Is 146037647 a multiple of 5?
False
Is 263350885 a multiple of 7?
True
Is 1890 a factor of 706125903?
False
Does 186 divide 1019587139?
False
Does 2431 divide 40669717?
False
Does 17 divide 132211958?
True
Does 387 divide 102547938?
False
Is 38 a factor of 147412070?
True
Is 830 a factor of 24432710?
True
Does 2 divide 18124741?
False
Does 17 divide 1497275259?
False
Is 847 a factor of 108213481?
False
Is 1566 a factor of 4220727048?
True
Does 219 divide 53220504?
True
Is 5537259 a multiple of 7?
True
Does 34 divide 594102917?
False
Does 1334 divide 49868922?
True
Does 38 divide 405454698?
False
Is 8 a factor of 28095596?
False
Is 22902082 a multiple of 122?
False
Is 689442517 a multiple of 69?
False
Does 10 divide 543538160?
True
Is 333 a factor of 38778678?
False
Is 270 a factor of 37739998?
False
Is 557981457 a multiple of 39?
False
Is 62 a factor of 917850594?
False
Is 93 a factor of 17055456?
True
Is 24656586 a multiple of 161?
False
Does 58 divide 2918640558?
False
Is 166 a factor of 396776300?
False
Does 4248 divide 125258103?
False
Is 246 a factor of 524562806?
False
Is 16047020 a multiple of 349?
True
Is 3580652790 a multiple of 11583?
True
Does 614 divide 113678416?
True
Does 66 divide 43623558?
True
Does 171 divide 111886668?
True
Is 40 a factor of 54550360?
True
Does 665 divide 2255737855?
True
Is 4 a factor of 1437734?
False
Is 21 a factor of 1054397169?
True
Is 27872741 a multiple of 17?
True
Is 16 a factor of 4312342?
False
Does 243 divide 5335308?
True
Is 174922176 a multiple of 64?
True
Does 615 divide 1655931?
False
Is 17 a factor of 600853763?
True
Is 14 a factor of 133653282?
True
Does 14 divide 30621060?
False
Is 669 a factor of 44494521?
True
Does 20 divide 4270912660?
True
Is 53010144 a multiple of 44?
True
Is 2352203123 a multiple of 23?
True
Does 1747 divide 571351109?
True
Is 92 a factor of 98983168?
True
Does 1211 divide 53162151?
False
Does 5 divide 562068274?
False
Does 5 divide 27955882?
False
Is 25 a factor of 12582370?
False
Is 268 a factor of 391375862?
False
Is 57746688 a multiple of 124?
False
Does 363 divide 1135763112?
True
Is 170026193 a multiple of 58?
False
Is 26565271 a multiple of 14?
False
Does 25 divide 178263150?
True
Is 113 a factor of 203143603?
True
Is 7889057 a multiple of 2?
False
Is 60863313 a multiple of 483?
True
Is 12 a factor of 431460437?
False
Is 3528616315 a multiple of 1195?
True
Is 159536229 a multiple of 1669?
False
Does 38 divide 38752917?
False
Is 161807558 a multiple of 2?
True
Does 12 divide 476466468?
True
Is 159 a factor of 102258608?
False
Is 17 a factor of 172420392?
True
Does 9 divide 1598574895?
False
Is 64 a factor of 3441472?
True
Is 65631918 a multiple of 6?
True
Does 1492 divide 143114132?
True
Is 21665625 a multiple of 995?
False
Does 328 divide 51599320?
True
Is 32082844 a multiple of 1052?
True
Does 76 divide 2024060134?
Fa